CRAN Package Check Results for Package invertiforms

Last updated on 2025-07-20 08:49:40 CEST.

Flavor Version Tinstall Tcheck Ttotal Status Flags
r-devel-linux-x86_64-debian-clang 0.1.1 7.12 62.46 69.58 NOTE
r-devel-linux-x86_64-debian-gcc 0.1.1 6.01 47.59 53.60 NOTE
r-devel-linux-x86_64-fedora-clang 0.1.1 106.03 OK
r-devel-linux-x86_64-fedora-gcc 0.1.1 101.07 OK
r-devel-windows-x86_64 0.1.1 8.00 72.00 80.00 NOTE
r-patched-linux-x86_64 0.1.1 7.40 58.76 66.16 NOTE
r-release-linux-x86_64 0.1.1 7.33 58.97 66.30 NOTE
r-release-macos-arm64 0.1.1 37.00 OK
r-release-macos-x86_64 0.1.1 63.00 OK
r-release-windows-x86_64 0.1.1 7.00 71.00 78.00 NOTE
r-oldrel-macos-arm64 0.1.1 30.00 OK
r-oldrel-macos-x86_64 0.1.1 46.00 OK
r-oldrel-windows-x86_64 0.1.1 11.00 90.00 101.00 OK

Check Details

Version: 0.1.1
Check: Rd cross-references
Result: NOTE Found the following Rd file(s) with Rd \link{} targets missing package anchors: NormalizedLaplacian.Rd: Matrix-class PerturbedLaplacian.Rd: Matrix-class RegularizedLaplacian.Rd: Matrix-class Please provide package anchors for all Rd \link{} targets not in the package itself and the base packages. Flavors: r-devel-linux-x86_64-debian-clang, r-devel-linux-x86_64-debian-gcc, r-devel-windows-x86_64, r-patched-linux-x86_64, r-release-linux-x86_64, r-release-windows-x86_64