Last updated on 2025-07-20 08:49:39 CEST.
Flavor | Version | Tinstall | Tcheck | Ttotal | Status | Flags |
---|---|---|---|---|---|---|
r-devel-linux-x86_64-debian-clang | 2.1.2 | 6.17 | 242.42 | 248.59 | NOTE | |
r-devel-linux-x86_64-debian-gcc | 2.1.2 | 4.44 | 186.62 | 191.06 | NOTE | |
r-devel-linux-x86_64-fedora-clang | 2.1.2 | 366.41 | OK | |||
r-devel-linux-x86_64-fedora-gcc | 2.1.2 | 381.18 | OK | |||
r-devel-windows-x86_64 | 2.1.2 | 8.00 | 288.00 | 296.00 | OK | |
r-patched-linux-x86_64 | 2.1.2 | 5.40 | 225.12 | 230.52 | OK | |
r-release-linux-x86_64 | 2.1.2 | 6.05 | 228.69 | 234.74 | OK | |
r-release-macos-arm64 | 2.1.2 | 343.00 | OK | |||
r-release-macos-x86_64 | 2.1.2 | 393.00 | OK | |||
r-release-windows-x86_64 | 2.1.2 | 8.00 | 294.00 | 302.00 | OK | |
r-oldrel-macos-arm64 | 2.1.2 | 262.00 | OK | |||
r-oldrel-macos-x86_64 | 2.1.2 | 315.00 | OK | |||
r-oldrel-windows-x86_64 | 2.1.2 | 11.00 | 351.00 | 362.00 | OK |
Version: 2.1.2
Check: CRAN incoming feasibility
Result: NOTE
Maintainer: ‘Przemyslaw Biecek <przemyslaw.biecek@gmail.com>’
The Description field contains
article (Gosiewska and Biecek 2019) <arXiv:1903.11420> This package is
a part of the 'DrWhy.AI' universe (Biecek 2018) <arXiv:1806.08915>.
Please refer to arXiv e-prints via their arXiv DOI <doi:10.48550/arXiv.YYMM.NNNNN>.
Flavors: r-devel-linux-x86_64-debian-clang, r-devel-linux-x86_64-debian-gcc