CRAN Package Check Results for Package gwid

Last updated on 2025-09-30 20:50:40 CEST.

Flavor Version Tinstall Tcheck Ttotal Status Flags
r-devel-linux-x86_64-debian-clang 0.3.0 14.98 105.29 120.27 NOTE
r-devel-linux-x86_64-debian-gcc 0.3.0 8.68 72.24 80.92 NOTE
r-devel-linux-x86_64-fedora-clang 0.3.0 203.88 NOTE
r-devel-linux-x86_64-fedora-gcc 0.3.0 194.66 NOTE
r-devel-windows-x86_64 0.3.0 17.00 111.00 128.00 NOTE
r-patched-linux-x86_64 0.3.0 11.99 98.47 110.46 NOTE
r-release-linux-x86_64 0.3.0 13.72 97.33 111.05 NOTE
r-release-macos-arm64 0.3.0 45.00 NOTE
r-release-macos-x86_64 0.3.0 87.00 NOTE
r-release-windows-x86_64 0.3.0 15.00 110.00 125.00 NOTE
r-oldrel-macos-arm64 0.3.0 45.00 OK
r-oldrel-macos-x86_64 0.3.0 114.00 OK
r-oldrel-windows-x86_64 0.3.0 20.00 138.00 158.00 OK

Check Details

Version: 0.3.0
Check: DESCRIPTION meta-information
Result: NOTE Missing dependency on R >= 4.1.0 because package code uses the pipe |> or function shorthand \(...) syntax added in R 4.1.0. File(s) using such syntax: ‘plot.R’ Flavors: r-devel-linux-x86_64-debian-clang, r-devel-linux-x86_64-debian-gcc, r-devel-linux-x86_64-fedora-clang, r-devel-linux-x86_64-fedora-gcc, r-devel-windows-x86_64, r-patched-linux-x86_64, r-release-linux-x86_64, r-release-macos-arm64, r-release-macos-x86_64, r-release-windows-x86_64