CRAN Package Check Results for Package gif

Last updated on 2025-07-20 08:49:38 CEST.

Flavor Version Tinstall Tcheck Ttotal Status Flags
r-devel-linux-x86_64-debian-clang 0.1.1 25.07 63.41 88.48 NOTE
r-devel-linux-x86_64-debian-gcc 0.1.1 19.35 49.05 68.40 NOTE
r-devel-linux-x86_64-fedora-clang 0.1.1 135.26 OK
r-devel-linux-x86_64-fedora-gcc 0.1.1 145.31 OK
r-devel-windows-x86_64 0.1.1 30.00 96.00 126.00 OK
r-patched-linux-x86_64 0.1.1 25.88 61.14 87.02 OK
r-release-linux-x86_64 0.1.1 23.22 61.20 84.42 OK
r-release-macos-arm64 0.1.1 59.00 OK
r-release-macos-x86_64 0.1.1 85.00 OK
r-release-windows-x86_64 0.1.1 29.00 93.00 122.00 OK
r-oldrel-macos-arm64 0.1.1 48.00 NOTE
r-oldrel-macos-x86_64 0.1.1 69.00 NOTE
r-oldrel-windows-x86_64 0.1.1 36.00 114.00 150.00 OK

Check Details

Version: 0.1.1
Check: CRAN incoming feasibility
Result: NOTE Maintainer: ‘Shiyun Lin <linshy27@mail2.sysu.edu.cn>’ The Description field contains <arXiv:1407.7819>. Secondly, a closed form solution for graphical lasso Please refer to arXiv e-prints via their arXiv DOI <doi:10.48550/arXiv.YYMM.NNNNN>. Flavors: r-devel-linux-x86_64-debian-clang, r-devel-linux-x86_64-debian-gcc

Version: 0.1.1
Check: installed package size
Result: NOTE installed size is 6.2Mb sub-directories of 1Mb or more: doc 1.1Mb libs 4.9Mb Flavors: r-oldrel-macos-arm64, r-oldrel-macos-x86_64