CRAN Package Check Results for Package ggspark

Last updated on 2025-07-19 19:49:46 CEST.

Flavor Version Tinstall Tcheck Ttotal Status Flags
r-devel-linux-x86_64-debian-clang 0.0.2 4.63 45.12 49.75 OK
r-devel-linux-x86_64-debian-gcc 0.0.2 3.49 32.32 35.81 OK
r-devel-linux-x86_64-fedora-clang 0.0.2 76.07 OK
r-devel-linux-x86_64-fedora-gcc 0.0.2 70.66 OK
r-devel-windows-x86_64 0.0.2 6.00 59.00 65.00 ERROR
r-patched-linux-x86_64 0.0.2 4.23 39.76 43.99 OK
r-release-linux-x86_64 0.0.2 4.24 39.86 44.10 OK
r-release-macos-arm64 0.0.2 27.00 OK
r-release-macos-x86_64 0.0.2 41.00 OK
r-release-windows-x86_64 0.0.2 6.00 59.00 65.00 ERROR
r-oldrel-macos-arm64 0.0.2 24.00 OK
r-oldrel-macos-x86_64 0.0.2 34.00 OK
r-oldrel-windows-x86_64 0.0.2 8.00 73.00 81.00 ERROR

Check Details

Version: 0.0.2
Check: tests
Result: ERROR Running 'tinytest.R' [3s] Running the tests in 'tests/tinytest.R' failed. Complete output: > > if ( requireNamespace("tinytest", quietly=TRUE) ){ + tinytest::test_package("ggspark") + } test-plot.R................... 0 tests test-plot.R................... 0 tests test-plot.R................... 0 tests test-plot.R................... 0 tests test-plot.R................... 0 tests test-plot.R................... 0 tests (process:19436): Pango-WARNING **: 18:38:49.866: couldn't load font "Liberation Sans Not-Rotated 11.0400390625", falling back to "Sans Not-Rotated 11.0400390625", expect ugly output. (process:19436): Pango-WARNING **: 18:38:49.897: couldn't load font "Liberation Sans Not-Rotated 8.7998046875", falling back to "Sans Not-Rotated 8.7998046875", expect ugly output. (process:19436): Pango-WARNING **: 18:38:49.913: couldn't load font "Liberation Sans Not-Rotated 11", falling back to "Sans Not-Rotated 11", expect ugly output. (process:19436): Pango-WARNING **: 18:38:49.913: couldn't load font "Liberation Sans Not-Rotated 13.2001953125", falling back to "Sans Not-Rotated 13.2001953125", expect ugly output. test-plot.R................... 1 tests <1b>[0;31m1 fails<1b>[0m <1b>[0;34m1.7s<1b>[0m ----- FAILED[]: test-plot.R<22--22> call| expect_snapshot_plot(p, label = "ggplot2_example") diff| 5738 info| Diff plot saved to: _tinysnapshot_review/ggplot2_example.png Error: 1 out of 1 tests failed Execution halted Flavor: r-devel-windows-x86_64

Version: 0.0.2
Check: tests
Result: ERROR Running 'tinytest.R' [3s] Running the tests in 'tests/tinytest.R' failed. Complete output: > > if ( requireNamespace("tinytest", quietly=TRUE) ){ + tinytest::test_package("ggspark") + } test-plot.R................... 0 tests test-plot.R................... 0 tests test-plot.R................... 0 tests test-plot.R................... 0 tests test-plot.R................... 0 tests test-plot.R................... 0 tests (process:104312): Pango-WARNING **: 12:49:03.608: couldn't load font "Liberation Sans Not-Rotated 11.0400390625", falling back to "Sans Not-Rotated 11.0400390625", expect ugly output. (process:104312): Pango-WARNING **: 12:49:03.623: couldn't load font "Liberation Sans Not-Rotated 8.7998046875", falling back to "Sans Not-Rotated 8.7998046875", expect ugly output. (process:104312): Pango-WARNING **: 12:49:03.639: couldn't load font "Liberation Sans Not-Rotated 11", falling back to "Sans Not-Rotated 11", expect ugly output. (process:104312): Pango-WARNING **: 12:49:03.639: couldn't load font "Liberation Sans Not-Rotated 13.2001953125", falling back to "Sans Not-Rotated 13.2001953125", expect ugly output. test-plot.R................... 1 tests <1b>[0;31m1 fails<1b>[0m <1b>[0;34m1.5s<1b>[0m ----- FAILED[]: test-plot.R<22--22> call| expect_snapshot_plot(p, label = "ggplot2_example") diff| 5738 info| Diff plot saved to: _tinysnapshot_review/ggplot2_example.png Error: 1 out of 1 tests failed Execution halted Flavor: r-release-windows-x86_64

Version: 0.0.2
Check: tests
Result: ERROR Running 'tinytest.R' [4s] Running the tests in 'tests/tinytest.R' failed. Complete output: > > if ( requireNamespace("tinytest", quietly=TRUE) ){ + tinytest::test_package("ggspark") + } test-plot.R................... 0 tests test-plot.R................... 0 tests test-plot.R................... 0 tests test-plot.R................... 0 tests test-plot.R................... 0 tests test-plot.R................... 0 tests (process:204580): Pango-WARNING **: 17:58:05.100: couldn't load font "Liberation Sans Not-Rotated 11.0400390625", falling back to "Sans Not-Rotated 11.0400390625", expect ugly output. (process:204580): Pango-WARNING **: 17:58:05.116: couldn't load font "Liberation Sans Not-Rotated 8.7998046875", falling back to "Sans Not-Rotated 8.7998046875", expect ugly output. (process:204580): Pango-WARNING **: 17:58:05.147: couldn't load font "Liberation Sans Not-Rotated 11", falling back to "Sans Not-Rotated 11", expect ugly output. (process:204580): Pango-WARNING **: 17:58:05.162: couldn't load font "Liberation Sans Not-Rotated 13.2001953125", falling back to "Sans Not-Rotated 13.2001953125", expect ugly output. test-plot.R................... 1 tests <1b>[0;31m1 fails<1b>[0m <1b>[0;34m2.3s<1b>[0m ----- FAILED[]: test-plot.R<22--22> call| expect_snapshot_plot(p, label = "ggplot2_example") diff| 5738 info| Diff plot saved to: _tinysnapshot_review/ggplot2_example.png Error: 1 out of 1 tests failed Execution halted Flavor: r-oldrel-windows-x86_64