CRAN Package Check Results for Package ggborderline

Last updated on 2025-07-20 08:49:38 CEST.

Flavor Version Tinstall Tcheck Ttotal Status Flags
r-devel-linux-x86_64-debian-clang 0.2.0 5.62 44.93 50.55 NOTE
r-devel-linux-x86_64-debian-gcc 0.2.0 3.74 32.61 36.35 NOTE
r-devel-linux-x86_64-fedora-clang 0.2.0 74.00 OK
r-devel-linux-x86_64-fedora-gcc 0.2.0 68.88 OK
r-devel-windows-x86_64 0.2.0 7.00 57.00 64.00 OK
r-patched-linux-x86_64 0.2.0 5.29 40.49 45.78 OK
r-release-linux-x86_64 0.2.0 5.38 40.01 45.39 OK
r-release-macos-arm64 0.2.0 42.00 OK
r-release-macos-x86_64 0.2.0 39.00 OK
r-release-windows-x86_64 0.2.0 7.00 57.00 64.00 OK
r-oldrel-macos-arm64 0.2.0 24.00 OK
r-oldrel-macos-x86_64 0.2.0 33.00 OK
r-oldrel-windows-x86_64 0.2.0 9.00 69.00 78.00 OK

Check Details

Version: 0.2.0
Check: CRAN incoming feasibility
Result: NOTE Maintainer: ‘Jacob Scott <jscott2718@gmail.com>’ No Authors@R field in DESCRIPTION. Please add one, modifying Authors@R: person(given = "Jacob", family = "Scott", role = c("aut", "cre"), email = "jscott2718@gmail.com") as necessary. Flavors: r-devel-linux-x86_64-debian-clang, r-devel-linux-x86_64-debian-gcc