Last updated on 2025-07-20 08:49:38 CEST.
Flavor | Version | Tinstall | Tcheck | Ttotal | Status | Flags |
---|---|---|---|---|---|---|
r-devel-linux-x86_64-debian-clang | 0.1.0 | 8.56 | 106.83 | 115.39 | NOTE | |
r-devel-linux-x86_64-debian-gcc | 0.1.0 | 5.62 | 77.00 | 82.62 | NOTE | |
r-devel-linux-x86_64-fedora-clang | 0.1.0 | 170.04 | OK | |||
r-devel-linux-x86_64-fedora-gcc | 0.1.0 | 178.74 | OK | |||
r-devel-windows-x86_64 | 0.1.0 | 10.00 | 114.00 | 124.00 | NOTE | |
r-patched-linux-x86_64 | 0.1.0 | 8.81 | 100.89 | 109.70 | NOTE | |
r-release-linux-x86_64 | 0.1.0 | 7.92 | 100.01 | 107.93 | NOTE | |
r-release-macos-arm64 | 0.1.0 | 132.00 | OK | |||
r-release-macos-x86_64 | 0.1.0 | 100.00 | OK | |||
r-release-windows-x86_64 | 0.1.0 | 11.00 | 114.00 | 125.00 | NOTE | |
r-oldrel-macos-arm64 | 0.1.0 | 56.00 | OK | |||
r-oldrel-macos-x86_64 | 0.1.0 | 135.00 | OK | |||
r-oldrel-windows-x86_64 | 0.1.0 | 15.00 | 144.00 | 159.00 | OK |
Version: 0.1.0
Check: Rd cross-references
Result: NOTE
Found the following Rd file(s) with Rd \link{} targets missing package
anchors:
geom_arrow.Rd: aes_position, aes_colour_fill_alpha, aes_group_order,
aes_linetype_size_shape
geom_arrow_chain.Rd: aes_position, aes_colour_fill_alpha,
aes_group_order, aes_linetype_size_shape
geom_arrow_curve.Rd: aes_position, aes_colour_fill_alpha,
aes_group_order, aes_linetype_size_shape
geom_arrow_segment.Rd: aes_position, aes_colour_fill_alpha,
aes_group_order, aes_linetype_size_shape
Please provide package anchors for all Rd \link{} targets not in the
package itself and the base packages.
Flavors: r-devel-linux-x86_64-debian-clang, r-devel-linux-x86_64-debian-gcc, r-devel-windows-x86_64, r-patched-linux-x86_64, r-release-linux-x86_64, r-release-windows-x86_64