Last updated on 2025-07-20 08:49:38 CEST.
Flavor | Version | Tinstall | Tcheck | Ttotal | Status | Flags |
---|---|---|---|---|---|---|
r-devel-linux-x86_64-debian-clang | 1.0.4 | 3.39 | 28.94 | 32.33 | NOTE | |
r-devel-linux-x86_64-debian-gcc | 1.0.4 | 2.64 | 22.07 | 24.71 | NOTE | |
r-devel-linux-x86_64-fedora-clang | 1.0.4 | 47.31 | OK | |||
r-devel-linux-x86_64-fedora-gcc | 1.0.4 | 50.00 | OK | |||
r-devel-windows-x86_64 | 1.0.4 | 7.00 | 52.00 | 59.00 | OK | |
r-patched-linux-x86_64 | 1.0.4 | 3.33 | 25.70 | 29.03 | OK | |
r-release-linux-x86_64 | 1.0.4 | 2.98 | 25.93 | 28.91 | OK | |
r-release-macos-arm64 | 1.0.4 | 19.00 | OK | |||
r-release-macos-x86_64 | 1.0.4 | 39.00 | OK | |||
r-release-windows-x86_64 | 1.0.4 | 5.00 | 51.00 | 56.00 | OK | |
r-oldrel-macos-arm64 | 1.0.4 | 20.00 | OK | |||
r-oldrel-macos-x86_64 | 1.0.4 | 26.00 | OK | |||
r-oldrel-windows-x86_64 | 1.0.4 | 6.00 | 54.00 | 60.00 | OK |
Version: 1.0.4
Check: CRAN incoming feasibility
Result: NOTE
Maintainer: ‘Artur Araujo <artur.stat@gmail.com>’
Package CITATION file contains call(s) to old-style personList() or
as.personList(). Please use c() on person objects instead.
Package CITATION file contains call(s) to old-style citEntry(). Please
use bibentry() instead.
Flavors: r-devel-linux-x86_64-debian-clang, r-devel-linux-x86_64-debian-gcc