CRAN Package Check Results for Package gcdnet

Last updated on 2025-07-20 08:49:38 CEST.

Flavor Version Tinstall Tcheck Ttotal Status Flags
r-devel-linux-x86_64-debian-clang 1.0.6 11.40 61.70 73.10 NOTE
r-devel-linux-x86_64-debian-gcc 1.0.6 8.28 46.74 55.02 NOTE
r-devel-linux-x86_64-fedora-clang 1.0.6 117.77 OK
r-devel-linux-x86_64-fedora-gcc 1.0.6 114.79 OK
r-devel-windows-x86_64 1.0.6 15.00 80.00 95.00 OK
r-patched-linux-x86_64 1.0.6 11.47 57.71 69.18 OK
r-release-linux-x86_64 1.0.6 9.99 58.19 68.18 OK
r-release-macos-arm64 1.0.6 37.00 OK
r-release-macos-x86_64 1.0.6 61.00 OK
r-release-windows-x86_64 1.0.6 15.00 80.00 95.00 OK
r-oldrel-macos-arm64 1.0.6 34.00 OK
r-oldrel-macos-x86_64 1.0.6 48.00 OK
r-oldrel-windows-x86_64 1.0.6 18.00 98.00 116.00 OK

Check Details

Version: 1.0.6
Check: CRAN incoming feasibility
Result: NOTE Maintainer: ‘Yi Yang <yi.yang6@mcgill.ca>’ No Authors@R field in DESCRIPTION. Please add one, modifying Authors@R: c(person(given = "Yi", family = "Yang", role = c("aut", "cre"), email = "yi.yang6@mcgill.ca"), person(given = "Yuwen", family = "Gu", role = "aut", email = "yuwen.gu@uconn.edu"), person(given = "Hui", family = "Zou", role = "aut", email = "hzou@stat.umn.edu")) as necessary. Flavors: r-devel-linux-x86_64-debian-clang, r-devel-linux-x86_64-debian-gcc