CRAN Package Check Results for Package frontier

Last updated on 2025-07-20 08:49:37 CEST.

Flavor Version Tinstall Tcheck Ttotal Status Flags
r-devel-linux-x86_64-debian-clang 1.1-8 10.30 121.00 131.30 NOTE
r-devel-linux-x86_64-debian-gcc 1.1-8 6.05 81.82 87.87 NOTE
r-devel-linux-x86_64-fedora-clang 1.1-8 202.78 OK
r-devel-linux-x86_64-fedora-gcc 1.1-8 210.34 OK
r-devel-windows-x86_64 1.1-8 14.00 152.00 166.00 OK
r-patched-linux-x86_64 1.1-8 9.42 111.64 121.06 OK
r-release-linux-x86_64 1.1-8 8.39 111.83 120.22 OK
r-release-macos-arm64 1.1-8 68.00 OK
r-release-macos-x86_64 1.1-8 124.00 OK
r-release-windows-x86_64 1.1-8 14.00 150.00 164.00 OK
r-oldrel-macos-arm64 1.1-8 61.00 OK
r-oldrel-macos-x86_64 1.1-8 88.00 OK
r-oldrel-windows-x86_64 1.1-8 16.00 188.00 204.00 OK

Check Details

Version: 1.1-8
Check: CRAN incoming feasibility
Result: NOTE Maintainer: ‘Arne Henningsen <arne.henningsen@gmail.com>’ No Authors@R field in DESCRIPTION. Please add one, modifying Authors@R: c(person(given = "Tim", family = "Coelli", role = "aut"), person(given = "Arne", family = "Henningsen", role = c("aut", "cre"), email = "arne.henningsen@gmail.com")) as necessary. Package CITATION file contains call(s) to old-style personList() or as.personList(). Please use c() on person objects instead. Package CITATION file contains call(s) to old-style citEntry(). Please use bibentry() instead. Flavors: r-devel-linux-x86_64-debian-clang, r-devel-linux-x86_64-debian-gcc