Last updated on 2025-07-20 08:49:37 CEST.
Flavor | Version | Tinstall | Tcheck | Ttotal | Status | Flags |
---|---|---|---|---|---|---|
r-devel-linux-x86_64-debian-clang | 1.1 | 6.48 | 20.31 | 26.79 | NOTE | |
r-devel-linux-x86_64-debian-gcc | 1.1 | 4.66 | 16.80 | 21.46 | NOTE | |
r-devel-linux-x86_64-fedora-clang | 1.1 | 49.57 | OK | |||
r-devel-linux-x86_64-fedora-gcc | 1.1 | 40.40 | OK | |||
r-devel-windows-x86_64 | 1.1 | 11.00 | 45.00 | 56.00 | OK | |
r-patched-linux-x86_64 | 1.1 | 5.60 | 19.34 | 24.94 | OK | |
r-release-linux-x86_64 | 1.1 | 5.64 | 18.83 | 24.47 | OK | |
r-release-macos-arm64 | 1.1 | 18.00 | OK | |||
r-release-macos-x86_64 | 1.1 | 28.00 | OK | |||
r-release-windows-x86_64 | 1.1 | 11.00 | 48.00 | 59.00 | OK | |
r-oldrel-macos-arm64 | 1.1 | 18.00 | OK | |||
r-oldrel-macos-x86_64 | 1.1 | 25.00 | OK | |||
r-oldrel-windows-x86_64 | 1.1 | 11.00 | 41.00 | 52.00 | OK |
Version: 1.1
Check: CRAN incoming feasibility
Result: NOTE
Maintainer: ‘Guillem Rigaill <guillem.rigaill@inrae.fr>’
The Description field contains
<arXiv:1004.0887> algorithm for detecting multiple changepoints in the
Please refer to arXiv e-prints via their arXiv DOI <doi:10.48550/arXiv.YYMM.NNNNN>.
Flavors: r-devel-linux-x86_64-debian-clang, r-devel-linux-x86_64-debian-gcc