CRAN Package Check Results for Package fishstat

Last updated on 2025-09-30 20:50:38 CEST.

Flavor Version Tinstall Tcheck Ttotal Status Flags
r-devel-linux-x86_64-debian-clang 2025.1.0.1 16.13 52.89 69.02 OK
r-devel-linux-x86_64-debian-gcc 2025.1.0.1 10.40 37.19 47.59 OK
r-devel-linux-x86_64-fedora-clang 2025.1.0.1 103.84 OK
r-devel-linux-x86_64-fedora-gcc 2025.1.0.1 101.00 OK
r-devel-windows-x86_64 2025.1.0.1 15.00 77.00 92.00 OK
r-patched-linux-x86_64 2025.1.0.1 17.73 52.38 70.11 OK
r-release-linux-x86_64 2025.1.0.1 17.15 51.88 69.03 OK
r-release-macos-arm64 2025.1.0.1 62.00 OK
r-release-macos-x86_64 2025.1.0.1 82.00 OK
r-release-windows-x86_64 2025.1.0.1 15.00 78.00 93.00 OK
r-oldrel-macos-arm64 2025.1.0.1 52.00 NOTE
r-oldrel-macos-x86_64 2025.1.0.1 106.00 NOTE
r-oldrel-windows-x86_64 2025.1.0.1 17.00 94.00 111.00 OK

Check Details

Version: 2025.1.0.1
Check: installed package size
Result: NOTE installed size is 5.3Mb sub-directories of 1Mb or more: data 5.2Mb Flavors: r-oldrel-macos-arm64, r-oldrel-macos-x86_64