Last updated on 2025-07-20 08:49:37 CEST.
Flavor | Version | Tinstall | Tcheck | Ttotal | Status | Flags |
---|---|---|---|---|---|---|
r-devel-linux-x86_64-debian-clang | 4.5.2 | 39.40 | 99.82 | 139.22 | NOTE | |
r-devel-linux-x86_64-debian-gcc | 4.5.2 | 30.43 | 66.67 | 97.10 | NOTE | |
r-devel-linux-x86_64-fedora-clang | 4.5.2 | 209.42 | NOTE | |||
r-devel-linux-x86_64-fedora-gcc | 4.5.2 | 225.81 | NOTE | |||
r-devel-windows-x86_64 | 4.5.2 | 57.00 | 129.00 | 186.00 | NOTE | |
r-patched-linux-x86_64 | 4.5.2 | 44.32 | 91.89 | 136.21 | NOTE | |
r-release-linux-x86_64 | 4.5.2 | 44.59 | 92.64 | 137.23 | NOTE | |
r-release-macos-arm64 | 4.5.2 | 60.00 | NOTE | |||
r-release-macos-x86_64 | 4.5.2 | 166.00 | NOTE | |||
r-release-windows-x86_64 | 4.5.2 | 54.00 | 128.00 | 182.00 | NOTE | |
r-oldrel-macos-arm64 | 4.5.2 | 62.00 | OK | |||
r-oldrel-macos-x86_64 | 4.5.2 | 127.00 | OK | |||
r-oldrel-windows-x86_64 | 4.5.2 | 57.00 | 155.00 | 212.00 | NOTE |
Version: 4.5.2
Check: dependencies in R code
Result: NOTE
Unexported object imported by a ':::' call: ‘bit:::R_bit_as_hi’
See the note in ?`:::` about the use of this operator.
Flavors: r-devel-linux-x86_64-debian-clang, r-devel-linux-x86_64-debian-gcc, r-devel-linux-x86_64-fedora-clang, r-devel-linux-x86_64-fedora-gcc, r-devel-windows-x86_64, r-patched-linux-x86_64, r-release-linux-x86_64, r-release-macos-arm64, r-release-macos-x86_64, r-release-windows-x86_64, r-oldrel-windows-x86_64