Last updated on 2025-07-20 08:49:36 CEST.
Flavor | Version | Tinstall | Tcheck | Ttotal | Status | Flags |
---|---|---|---|---|---|---|
r-devel-linux-x86_64-debian-clang | 0.2.3 | 13.68 | 91.90 | 105.58 | NOTE | |
r-devel-linux-x86_64-debian-gcc | 0.2.3 | 8.79 | 65.08 | 73.87 | NOTE | |
r-devel-linux-x86_64-fedora-clang | 0.2.3 | 161.80 | NOTE | |||
r-devel-linux-x86_64-fedora-gcc | 0.2.3 | 148.48 | NOTE | |||
r-devel-windows-x86_64 | 0.2.3 | 15.00 | 102.00 | 117.00 | NOTE | |
r-patched-linux-x86_64 | 0.2.3 | 12.34 | 85.04 | 97.38 | NOTE | |
r-release-linux-x86_64 | 0.2.3 | 14.27 | 83.35 | 97.62 | NOTE | |
r-release-macos-arm64 | 0.2.3 | 62.00 | NOTE | |||
r-release-macos-x86_64 | 0.2.3 | 76.00 | NOTE | |||
r-release-windows-x86_64 | 0.2.3 | 16.00 | 102.00 | 118.00 | NOTE | |
r-oldrel-macos-arm64 | 0.2.3 | 46.00 | NOTE | |||
r-oldrel-macos-x86_64 | 0.2.3 | 71.00 | NOTE | |||
r-oldrel-windows-x86_64 | 0.2.3 | 22.00 | 129.00 | 151.00 | NOTE |
Version: 0.2.3
Check: Rd files
Result: NOTE
checkRd: (-1) momento.central.Rd:12: Lost braces; missing escapes or markup?
12 | \item{orden}{Es un valor numérico que representa el orden del momento central (orden = {1,2,3,4,...})}
| ^
Flavors: r-devel-linux-x86_64-debian-clang, r-devel-linux-x86_64-debian-gcc, r-devel-linux-x86_64-fedora-clang, r-devel-linux-x86_64-fedora-gcc, r-devel-windows-x86_64, r-patched-linux-x86_64, r-release-linux-x86_64, r-release-macos-arm64, r-release-macos-x86_64, r-release-windows-x86_64, r-oldrel-macos-arm64, r-oldrel-macos-x86_64, r-oldrel-windows-x86_64