CRAN Package Check Results for Package esmprep

Last updated on 2025-09-30 20:50:37 CEST.

Flavor Version Tinstall Tcheck Ttotal Status Flags
r-devel-linux-x86_64-debian-clang 0.2.0 6.58 48.42 55.00 NOTE
r-devel-linux-x86_64-debian-gcc 0.2.0 4.59 34.38 38.97 NOTE
r-devel-linux-x86_64-fedora-clang 0.2.0 84.50 OK
r-devel-linux-x86_64-fedora-gcc 0.2.0 76.99 OK
r-devel-windows-x86_64 0.2.0 7.00 72.00 79.00 OK
r-patched-linux-x86_64 0.2.0 6.21 46.10 52.31 OK
r-release-linux-x86_64 0.2.0 5.22 45.97 51.19 OK
r-release-macos-arm64 0.2.0 28.00 OK
r-release-macos-x86_64 0.2.0 48.00 OK
r-release-windows-x86_64 0.2.0 8.00 75.00 83.00 OK
r-oldrel-macos-arm64 0.2.0 25.00 OK
r-oldrel-macos-x86_64 0.2.0 57.00 OK
r-oldrel-windows-x86_64 0.2.0 10.00 86.00 96.00 OK

Check Details

Version: 0.2.0
Check: CRAN incoming feasibility
Result: NOTE Maintainer: ‘Marcel Miché <esmprep@gmail.com>’ No Authors@R field in DESCRIPTION. Please add one, modifying Authors@R: person(given = "Marcel", family = "Miché", role = c("aut", "cre"), email = "esmprep@gmail.com") as necessary. Flavors: r-devel-linux-x86_64-debian-clang, r-devel-linux-x86_64-debian-gcc