CRAN Package Check Results for Package epibasix

Last updated on 2025-07-20 08:49:36 CEST.

Flavor Version Tinstall Tcheck Ttotal Status Flags
r-devel-linux-x86_64-debian-clang 1.5 2.53 22.87 25.40 NOTE
r-devel-linux-x86_64-debian-gcc 1.5 1.71 17.82 19.53 NOTE
r-devel-linux-x86_64-fedora-clang 1.5 40.00 OK
r-devel-linux-x86_64-fedora-gcc 1.5 37.51 OK
r-devel-windows-x86_64 1.5 6.00 41.00 47.00 OK
r-patched-linux-x86_64 1.5 2.81 21.67 24.48 OK
r-release-linux-x86_64 1.5 2.19 21.51 23.70 OK
r-release-macos-arm64 1.5 16.00 OK
r-release-macos-x86_64 1.5 25.00 OK
r-release-windows-x86_64 1.5 4.00 44.00 48.00 OK
r-oldrel-macos-arm64 1.5 15.00 OK
r-oldrel-macos-x86_64 1.5 22.00 OK
r-oldrel-windows-x86_64 1.5 4.00 40.00 44.00 OK

Check Details

Version: 1.5
Check: CRAN incoming feasibility
Result: NOTE Maintainer: ‘Michael A Rotondi <mrotondi@yorku.ca>’ No Authors@R field in DESCRIPTION. Please add one, modifying Authors@R: person(given = c("Michael", "A"), family = "Rotondi", role = c("aut", "cre"), email = "mrotondi@yorku.ca") as necessary. Flavors: r-devel-linux-x86_64-debian-clang, r-devel-linux-x86_64-debian-gcc