CRAN Package Check Results for Package envvar

Last updated on 2025-07-20 08:49:36 CEST.

Flavor Version Tinstall Tcheck Ttotal Status Flags
r-devel-linux-x86_64-debian-clang 0.1.2 1.93 31.44 33.37 NOTE
r-devel-linux-x86_64-debian-gcc 0.1.2 1.59 24.58 26.17 NOTE
r-devel-linux-x86_64-fedora-clang 0.1.2 50.61 NOTE
r-devel-linux-x86_64-fedora-gcc 0.1.2 52.81 NOTE
r-devel-windows-x86_64 0.1.2 3.00 49.00 52.00 NOTE
r-patched-linux-x86_64 0.1.2 2.09 28.92 31.01 NOTE
r-release-linux-x86_64 0.1.2 1.76 28.74 30.50 NOTE
r-release-macos-arm64 0.1.2 23.00 NOTE
r-release-macos-x86_64 0.1.2 46.00 NOTE
r-release-windows-x86_64 0.1.2 3.00 48.00 51.00 NOTE
r-oldrel-macos-arm64 0.1.2 22.00 OK
r-oldrel-macos-x86_64 0.1.2 49.00 OK
r-oldrel-windows-x86_64 0.1.2 4.00 54.00 58.00 OK

Check Details

Version: 0.1.2
Check: DESCRIPTION meta-information
Result: NOTE Missing dependency on R >= 4.1.0 because package code uses the pipe |> or function shorthand \(...) syntax added in R 4.1.0. File(s) using such syntax: ‘network.Rd’ ‘types.Rd’ Flavors: r-devel-linux-x86_64-debian-clang, r-devel-linux-x86_64-debian-gcc, r-devel-linux-x86_64-fedora-clang, r-devel-linux-x86_64-fedora-gcc, r-devel-windows-x86_64, r-patched-linux-x86_64, r-release-linux-x86_64, r-release-macos-arm64, r-release-macos-x86_64, r-release-windows-x86_64