Last updated on 2025-07-20 08:49:36 CEST.
Flavor | Version | Tinstall | Tcheck | Ttotal | Status | Flags |
---|---|---|---|---|---|---|
r-devel-linux-x86_64-debian-clang | 5.1.8 | 7.79 | 91.09 | 98.88 | NOTE | |
r-devel-linux-x86_64-debian-gcc | 5.1.8 | 5.33 | 59.18 | 64.51 | NOTE | |
r-devel-linux-x86_64-fedora-clang | 5.1.8 | 154.75 | OK | |||
r-devel-linux-x86_64-fedora-gcc | 5.1.8 | 145.51 | OK | |||
r-devel-windows-x86_64 | 5.1.8 | 9.00 | 105.00 | 114.00 | OK | |
r-patched-linux-x86_64 | 5.1.8 | 9.01 | 84.13 | 93.14 | OK | |
r-release-linux-x86_64 | 5.1.8 | 7.09 | 87.78 | 94.87 | OK | |
r-release-macos-arm64 | 5.1.8 | 42.00 | OK | |||
r-release-macos-x86_64 | 5.1.8 | 81.00 | OK | |||
r-release-windows-x86_64 | 5.1.8 | 10.00 | 103.00 | 113.00 | OK | |
r-oldrel-macos-arm64 | 5.1.8 | 40.00 | OK | |||
r-oldrel-macos-x86_64 | 5.1.8 | 61.00 | OK | |||
r-oldrel-windows-x86_64 | 5.1.8 | 8.00 | 127.00 | 135.00 | OK |
Version: 5.1.8
Check: CRAN incoming feasibility
Result: NOTE
Maintainer: ‘Chris Fraley <fraley@u.washington.edu>’
No Authors@R field in DESCRIPTION.
Please add one, modifying
Authors@R: c(person(given = "Chris",
family = "Fraley",
role = c("aut", "cre"),
email = "fraley@u.washington.edu"),
person(given = c("Adrian", "E."),
family = "Raftery",
role = "aut"),
person(given = c("J.", "McLean"),
family = "Sloughter",
role = "aut"),
person(given = "Tilmann",
family = "Gneiting",
role = "aut"),
person(given = c("University", "of"),
family = "Washington.",
role = "aut"))
as necessary.
Flavors: r-devel-linux-x86_64-debian-clang, r-devel-linux-x86_64-debian-gcc