CRAN Package Check Results for Package econullnetr

Last updated on 2025-07-20 08:49:36 CEST.

Flavor Version Tinstall Tcheck Ttotal Status Flags
r-devel-linux-x86_64-debian-clang 0.2.1 3.51 76.77 80.28 NOTE
r-devel-linux-x86_64-debian-gcc 0.2.1 2.43 52.96 55.39 NOTE
r-devel-linux-x86_64-fedora-clang 0.2.1 123.45 OK
r-devel-linux-x86_64-fedora-gcc 0.2.1 132.38 OK
r-devel-windows-x86_64 0.2.1 5.00 98.00 103.00 OK
r-patched-linux-x86_64 0.2.1 3.60 70.89 74.49 OK
r-release-linux-x86_64 0.2.1 2.84 72.18 75.02 OK
r-release-macos-arm64 0.2.1 79.00 OK
r-release-macos-x86_64 0.2.1 83.00 OK
r-release-windows-x86_64 0.2.1 5.00 98.00 103.00 OK
r-oldrel-macos-arm64 0.2.1 54.00 OK
r-oldrel-macos-x86_64 0.2.1 73.00 OK
r-oldrel-windows-x86_64 0.2.1 7.00 118.00 125.00 OK

Check Details

Version: 0.2.1
Check: CRAN incoming feasibility
Result: NOTE Maintainer: ‘Ian Vaughan <vaughanip@cardiff.ac.uk>’ No Authors@R field in DESCRIPTION. Please add one, modifying Authors@R: person(given = "Ian", family = "Vaughan", role = c("aut", "cre"), email = "vaughanip@cardiff.ac.uk") as necessary. Package CITATION file contains call(s) to old-style personList() or as.personList(). Please use c() on person objects instead. Package CITATION file contains call(s) to old-style citEntry(). Please use bibentry() instead. Flavors: r-devel-linux-x86_64-debian-clang, r-devel-linux-x86_64-debian-gcc