CRAN Package Check Results for Package echoice2

Last updated on 2025-09-30 20:50:36 CEST.

Flavor Version Tinstall Tcheck Ttotal Status Flags
r-devel-linux-x86_64-debian-clang 0.2.4 67.44 102.45 169.89 OK
r-devel-linux-x86_64-debian-gcc 0.2.4 50.62 71.29 121.91 OK
r-devel-linux-x86_64-fedora-clang 0.2.4 256.78 OK
r-devel-linux-x86_64-fedora-gcc 0.2.4 292.01 OK
r-devel-windows-x86_64 0.2.4 75.00 138.00 213.00 OK
r-patched-linux-x86_64 0.2.4 68.33 92.00 160.33 OK
r-release-linux-x86_64 0.2.4 65.69 91.86 157.55 OK
r-release-macos-arm64 0.2.4 79.00 OK
r-release-macos-x86_64 0.2.4 147.00 OK
r-release-windows-x86_64 0.2.4 71.00 132.00 203.00 OK
r-oldrel-macos-arm64 0.2.4 85.00 NOTE
r-oldrel-macos-x86_64 0.2.4 128.00 NOTE
r-oldrel-windows-x86_64 0.2.4 85.00 170.00 255.00 OK

Check Details

Version: 0.2.4
Check: installed package size
Result: NOTE installed size is 13.5Mb sub-directories of 1Mb or more: doc 1.3Mb libs 11.7Mb Flavors: r-oldrel-macos-arm64, r-oldrel-macos-x86_64