CRAN Package Check Results for Package dsdp

Last updated on 2025-07-20 08:49:36 CEST.

Flavor Version Tinstall Tcheck Ttotal Status Flags
r-devel-linux-x86_64-debian-clang 0.1.1 21.26 210.86 232.12 NOTE
r-devel-linux-x86_64-debian-gcc 0.1.1 12.55 180.24 192.79 NOTE
r-devel-linux-x86_64-fedora-clang 0.1.1 348.02 NOTE
r-devel-linux-x86_64-fedora-gcc 0.1.1 358.39 NOTE
r-devel-windows-x86_64 0.1.1 37.00 290.00 327.00 NOTE
r-patched-linux-x86_64 0.1.1 17.80 238.02 255.82 NOTE
r-release-linux-x86_64 0.1.1 15.80 236.68 252.48 NOTE
r-release-macos-arm64 0.1.1 228.00 NOTE
r-release-macos-x86_64 0.1.1 331.00 NOTE
r-release-windows-x86_64 0.1.1 38.00 287.00 325.00 NOTE
r-oldrel-macos-arm64 0.1.1 202.00 OK
r-oldrel-macos-x86_64 0.1.1 276.00 OK
r-oldrel-windows-x86_64 0.1.1 43.00 345.00 388.00 OK

Check Details

Version: 0.1.1
Check: compiled code
Result: NOTE File ‘dsdp/libs/dsdp.so’: Found non-API call to R: ‘Rf_allocSExp’ Compiled code should not call non-API entry points in R. See ‘Writing portable packages’ in the ‘Writing R Extensions’ manual, and section ‘Moving into C API compliance’ for issues with the use of non-API entry points. Flavors: r-devel-linux-x86_64-debian-clang, r-devel-linux-x86_64-debian-gcc, r-devel-linux-x86_64-fedora-clang, r-devel-linux-x86_64-fedora-gcc, r-patched-linux-x86_64, r-release-linux-x86_64, r-release-macos-arm64, r-release-macos-x86_64

Version: 0.1.1
Check: compiled code
Result: NOTE File 'dsdp/libs/x64/dsdp.dll': Found non-API call to R: 'Rf_allocSExp' Compiled code should not call non-API entry points in R. See 'Writing portable packages' in the 'Writing R Extensions' manual, and section 'Moving into C API compliance' for issues with the use of non-API entry points. Flavors: r-devel-windows-x86_64, r-release-windows-x86_64