Last updated on 2025-07-20 08:49:36 CEST.
Flavor | Version | Tinstall | Tcheck | Ttotal | Status | Flags |
---|---|---|---|---|---|---|
r-devel-linux-x86_64-debian-clang | 0.2.6 | 2.65 | 49.68 | 52.33 | OK | |
r-devel-linux-x86_64-debian-gcc | 0.2.6 | 2.50 | 38.72 | 41.22 | OK | |
r-devel-linux-x86_64-fedora-clang | 0.2.6 | 83.85 | OK | |||
r-devel-linux-x86_64-fedora-gcc | 0.2.6 | 95.87 | OK | |||
r-devel-windows-x86_64 | 0.2.6 | 6.00 | 69.00 | 75.00 | OK | |
r-patched-linux-x86_64 | 0.2.6 | 3.39 | 47.07 | 50.46 | OK | |
r-release-linux-x86_64 | 0.2.6 | 3.04 | 46.41 | 49.45 | OK | |
r-release-macos-arm64 | 0.2.6 | 38.00 | OK | |||
r-release-macos-x86_64 | 0.2.6 | 88.00 | OK | |||
r-release-windows-x86_64 | 0.2.6 | 6.00 | 67.00 | 73.00 | OK | |
r-oldrel-macos-arm64 | 0.2.6 | 38.00 | NOTE | |||
r-oldrel-macos-x86_64 | 0.2.6 | 70.00 | NOTE | |||
r-oldrel-windows-x86_64 | 0.2.6 | 7.00 | 88.00 | 95.00 | NOTE |
Version: 0.2.6
Check: LazyData
Result: NOTE
'LazyData' is specified without a 'data' directory
Flavors: r-oldrel-macos-arm64, r-oldrel-macos-x86_64, r-oldrel-windows-x86_64