CRAN Package Check Results for Package devtools

Last updated on 2025-07-19 19:49:43 CEST.

Flavor Version Tinstall Tcheck Ttotal Status Flags
r-devel-linux-x86_64-debian-clang 2.4.5 7.61 100.59 108.20 NOTE
r-devel-linux-x86_64-debian-gcc 2.4.5 5.85 73.82 79.67 NOTE
r-devel-linux-x86_64-fedora-clang 2.4.5 181.82 OK
r-devel-linux-x86_64-fedora-gcc 2.4.5 194.35 OK
r-devel-windows-x86_64 2.4.5 12.00 130.00 142.00 NOTE
r-patched-linux-x86_64 2.4.5 8.82 94.73 103.55 NOTE
r-release-linux-x86_64 2.4.5 8.12 93.68 101.80 NOTE
r-release-macos-arm64 2.4.5 94.00 OK
r-release-macos-x86_64 2.4.5 178.00 OK
r-release-windows-x86_64 2.4.5 10.00 127.00 137.00 NOTE
r-oldrel-macos-arm64 2.4.5 90.00 OK
r-oldrel-macos-x86_64 2.4.5 131.00 OK
r-oldrel-windows-x86_64 2.4.5 13.00 155.00 168.00 OK

Check Details

Version: 2.4.5
Check: Rd cross-references
Result: NOTE Found the following Rd file(s) with Rd \link{} targets missing package anchors: check.Rd: compiler_flags remote-reexports.Rd: ellipsis Please provide package anchors for all Rd \link{} targets not in the package itself and the base packages. Flavors: r-devel-linux-x86_64-debian-clang, r-devel-linux-x86_64-debian-gcc, r-devel-windows-x86_64, r-patched-linux-x86_64, r-release-linux-x86_64, r-release-windows-x86_64