CRAN Package Check Results for Package derivmkts

Last updated on 2025-07-20 08:49:35 CEST.

Flavor Version Tinstall Tcheck Ttotal Status Flags
r-devel-linux-x86_64-debian-clang 0.2.5 3.64 59.57 63.21 NOTE
r-devel-linux-x86_64-debian-gcc 0.2.5 2.62 45.29 47.91 NOTE
r-devel-linux-x86_64-fedora-clang 0.2.5 103.66 NOTE
r-devel-linux-x86_64-fedora-gcc 0.2.5 112.06 NOTE
r-devel-windows-x86_64 0.2.5 5.00 129.00 134.00 NOTE
r-patched-linux-x86_64 0.2.5 4.32 56.72 61.04 NOTE
r-release-linux-x86_64 0.2.5 3.69 57.35 61.04 NOTE
r-release-macos-arm64 0.2.5 39.00 NOTE
r-release-macos-x86_64 0.2.5 70.00 NOTE
r-release-windows-x86_64 0.2.5 7.00 127.00 134.00 NOTE
r-oldrel-macos-arm64 0.2.5 37.00 NOTE
r-oldrel-macos-x86_64 0.2.5 57.00 NOTE
r-oldrel-windows-x86_64 0.2.5 6.00 128.00 134.00 NOTE

Check Details

Version: 0.2.5
Check: Rd files
Result: NOTE checkRd: (-1) barriers.Rd:127: Escaped LaTeX specials: \$ Flavors: r-devel-linux-x86_64-debian-clang, r-devel-linux-x86_64-debian-gcc, r-devel-linux-x86_64-fedora-clang, r-devel-linux-x86_64-fedora-gcc, r-devel-windows-x86_64, r-patched-linux-x86_64, r-release-linux-x86_64, r-release-macos-arm64, r-release-macos-x86_64, r-release-windows-x86_64, r-oldrel-macos-arm64, r-oldrel-macos-x86_64, r-oldrel-windows-x86_64