CRAN Package Check Results for Package datoramar

Last updated on 2025-07-20 08:49:35 CEST.

Flavor Version Tinstall Tcheck Ttotal Status Flags
r-devel-linux-x86_64-debian-clang 0.1.0 1.67 17.05 18.72 OK
r-devel-linux-x86_64-debian-gcc 0.1.0 1.32 14.87 16.19 OK
r-devel-linux-x86_64-fedora-clang 0.1.0 28.77 OK
r-devel-linux-x86_64-fedora-gcc 0.1.0 28.31 OK
r-devel-windows-x86_64 0.1.0 3.00 37.00 40.00 OK
r-patched-linux-x86_64 0.1.0 1.59 16.14 17.73 OK
r-release-linux-x86_64 0.1.0 1.45 16.05 17.50 OK
r-release-macos-arm64 0.1.0 15.00 OK
r-release-macos-x86_64 0.1.0 24.00 OK
r-release-windows-x86_64 0.1.0 3.00 38.00 41.00 OK
r-oldrel-macos-arm64 0.1.0 14.00 NOTE
r-oldrel-macos-x86_64 0.1.0 20.00 NOTE
r-oldrel-windows-x86_64 0.1.0 3.00 41.00 44.00 NOTE

Check Details

Version: 0.1.0
Check: LazyData
Result: NOTE 'LazyData' is specified without a 'data' directory Flavors: r-oldrel-macos-arm64, r-oldrel-macos-x86_64, r-oldrel-windows-x86_64