Last updated on 2025-07-20 08:49:35 CEST.
Flavor | Version | Tinstall | Tcheck | Ttotal | Status | Flags |
---|---|---|---|---|---|---|
r-devel-linux-x86_64-debian-clang | 0.3.9 | 6.97 | 80.57 | 87.54 | OK | |
r-devel-linux-x86_64-debian-gcc | 0.3.9 | 4.65 | 60.44 | 65.09 | OK | |
r-devel-linux-x86_64-fedora-clang | 0.3.9 | 134.83 | NOTE | |||
r-devel-linux-x86_64-fedora-gcc | 0.3.9 | 140.86 | NOTE | |||
r-devel-windows-x86_64 | 0.3.9 | 8.00 | 101.00 | 109.00 | OK | |
r-patched-linux-x86_64 | 0.3.9 | 7.66 | 73.62 | 81.28 | OK | |
r-release-linux-x86_64 | 0.3.9 | 6.50 | 74.41 | 80.91 | OK | |
r-release-macos-arm64 | 0.3.9 | 48.00 | OK | |||
r-release-macos-x86_64 | 0.3.9 | 94.00 | OK | |||
r-release-windows-x86_64 | 0.3.9 | 8.00 | 100.00 | 108.00 | OK | |
r-oldrel-macos-arm64 | 0.3.9 | 53.00 | OK | |||
r-oldrel-macos-x86_64 | 0.3.9 | 96.00 | OK | |||
r-oldrel-windows-x86_64 | 0.3.9 | 10.00 | 119.00 | 129.00 | OK |
Version: 0.3.9
Check: dependencies in R code
Result: NOTE
Namespace in Imports field not imported from: ‘rlang’
All declared Imports should be used.
Flavors: r-devel-linux-x86_64-fedora-clang, r-devel-linux-x86_64-fedora-gcc