CRAN Package Check Results for Package clogitboost

Last updated on 2025-07-20 20:48:23 CEST.

Flavor Version Tinstall Tcheck Ttotal Status Flags
r-devel-linux-x86_64-debian-clang 1.1 9.96 36.07 46.03 NOTE
r-devel-linux-x86_64-debian-gcc 1.1 7.92 25.93 33.85 NOTE
r-devel-linux-x86_64-fedora-clang 1.1 80.57 NOTE
r-devel-linux-x86_64-fedora-gcc 1.1 73.10 NOTE
r-devel-windows-x86_64 1.1 14.00 86.00 100.00 OK
r-patched-linux-x86_64 1.1 11.57 33.96 45.53 OK
r-release-linux-x86_64 1.1 10.28 34.16 44.44 OK
r-release-macos-arm64 1.1 26.00 OK
r-release-macos-x86_64 1.1 45.00 OK
r-release-windows-x86_64 1.1 13.00 83.00 96.00 OK
r-oldrel-macos-arm64 1.1 29.00 OK
r-oldrel-macos-x86_64 1.1 36.00 OK
r-oldrel-windows-x86_64 1.1 12.00 95.00 107.00 OK

Check Details

Version: 1.1
Check: CRAN incoming feasibility
Result: NOTE Maintainer: ‘Haolun Shi <shl2003@connect.hku.hk>’ No Authors@R field in DESCRIPTION. Please add one, modifying Authors@R: c(person(given = "Haolun", family = "Shi", role = c("aut", "cre"), email = "shl2003@connect.hku.hk"), person(given = "Guosheng", family = "Yin", role = "aut")) as necessary. Flavors: r-devel-linux-x86_64-debian-clang, r-devel-linux-x86_64-debian-gcc

Version: 1.1
Check: compiled code
Result: NOTE File ‘clogitboost/libs/clogitboost.so’: Found no calls to: ‘R_registerRoutines’, ‘R_useDynamicSymbols’ It is good practice to register native routines and to disable symbol search. See ‘Writing portable packages’ in the ‘Writing R Extensions’ manual. Flavors: r-devel-linux-x86_64-fedora-clang, r-devel-linux-x86_64-fedora-gcc