CRAN Package Check Results for Package cabootcrs

Last updated on 2025-07-20 08:49:33 CEST.

Flavor Version Tinstall Tcheck Ttotal Status Flags
r-devel-linux-x86_64-debian-clang 2.1.0 4.40 64.57 68.97 NOTE
r-devel-linux-x86_64-debian-gcc 2.1.0 3.87 45.36 49.23 NOTE
r-devel-linux-x86_64-fedora-clang 2.1.0 110.96 OK
r-devel-linux-x86_64-fedora-gcc 2.1.0 104.09 OK
r-devel-windows-x86_64 2.1.0 6.00 104.00 110.00 OK
r-patched-linux-x86_64 2.1.0 5.84 60.85 66.69 OK
r-release-linux-x86_64 2.1.0 5.45 63.83 69.28 OK
r-release-macos-arm64 2.1.0 32.00 OK
r-release-macos-x86_64 2.1.0 58.00 OK
r-release-windows-x86_64 2.1.0 7.00 104.00 111.00 OK
r-oldrel-macos-arm64 2.1.0 33.00 OK
r-oldrel-macos-x86_64 2.1.0 47.00 OK
r-oldrel-windows-x86_64 2.1.0 8.00 130.00 138.00 OK

Check Details

Version: 2.1.0
Check: CRAN incoming feasibility
Result: NOTE Maintainer: ‘Trevor Ringrose <t.j.ringrose@cranfield.ac.uk>’ No Authors@R field in DESCRIPTION. Please add one, modifying Authors@R: person(given = "Trevor", family = "Ringrose", role = c("aut", "cre"), email = "t.j.ringrose@cranfield.ac.uk") as necessary. Flavors: r-devel-linux-x86_64-debian-clang, r-devel-linux-x86_64-debian-gcc