CRAN Package Check Results for Package c3dr

Last updated on 2025-09-30 20:50:33 CEST.

Flavor Version Tinstall Tcheck Ttotal Status Flags
r-devel-linux-x86_64-debian-clang 0.2.0 87.13 59.44 146.57 OK
r-devel-linux-x86_64-debian-gcc 0.2.0 57.81 44.22 102.03 OK
r-devel-linux-x86_64-fedora-clang 0.2.0 297.72 OK
r-devel-linux-x86_64-fedora-gcc 0.2.0 270.53 OK
r-devel-windows-x86_64 0.2.0 104.00 96.00 200.00 OK
r-patched-linux-x86_64 0.2.0 84.67 55.78 140.45 OK
r-release-linux-x86_64 0.2.0 86.01 56.47 142.48 OK
r-release-macos-arm64 0.2.0 110.00 OK
r-release-macos-x86_64 0.2.0 228.00 OK
r-release-windows-x86_64 0.2.0 101.00 102.00 203.00 OK
r-oldrel-macos-arm64 0.2.0 64.00 NOTE
r-oldrel-macos-x86_64 0.2.0 187.00 NOTE
r-oldrel-windows-x86_64 0.2.0 102.00 138.00 240.00 OK

Check Details

Version: 0.2.0
Check: installed package size
Result: NOTE installed size is 8.4Mb sub-directories of 1Mb or more: extdata 1.2Mb libs 7.0Mb Flavors: r-oldrel-macos-arm64, r-oldrel-macos-x86_64