Last updated on 2025-07-20 08:49:33 CEST.
Flavor | Version | Tinstall | Tcheck | Ttotal | Status | Flags |
---|---|---|---|---|---|---|
r-devel-linux-x86_64-debian-clang | 0.3-24 | 11.03 | 124.50 | 135.53 | NOTE | |
r-devel-linux-x86_64-debian-gcc | 0.3-24 | 7.03 | 90.79 | 97.82 | NOTE | |
r-devel-linux-x86_64-fedora-clang | 0.3-24 | 212.89 | OK | |||
r-devel-linux-x86_64-fedora-gcc | 0.3-24 | 220.61 | OK | |||
r-devel-windows-x86_64 | 0.3-24 | 12.00 | 190.00 | 202.00 | OK | |
r-patched-linux-x86_64 | 0.3-24 | 9.66 | 120.05 | 129.71 | OK | |
r-release-linux-x86_64 | 0.3-24 | 8.52 | 121.34 | 129.86 | OK | |
r-release-macos-arm64 | 0.3-24 | 80.00 | OK | |||
r-release-macos-x86_64 | 0.3-24 | 158.00 | OK | |||
r-release-windows-x86_64 | 0.3-24 | 11.00 | 188.00 | 199.00 | OK | |
r-oldrel-macos-arm64 | 0.3-24 | 72.00 | OK | |||
r-oldrel-macos-x86_64 | 0.3-24 | 108.00 | OK | |||
r-oldrel-windows-x86_64 | 0.3-24 | 16.00 | 216.00 | 232.00 | OK |
Version: 0.3-24
Check: CRAN incoming feasibility
Result: NOTE
Maintainer: ‘Zhu Wang <zwang145@uthsc.edu>’
Package CITATION file contains call(s) to old-style personList() or
as.personList(). Please use c() on person objects instead.
Package CITATION file contains call(s) to old-style citEntry(). Please
use bibentry() instead.
Flavors: r-devel-linux-x86_64-debian-clang, r-devel-linux-x86_64-debian-gcc