Last updated on 2025-07-20 08:49:33 CEST.
Flavor | Version | Tinstall | Tcheck | Ttotal | Status | Flags |
---|---|---|---|---|---|---|
r-devel-linux-x86_64-debian-clang | 1.6.0 | 8.45 | 333.89 | 342.34 | NOTE | |
r-devel-linux-x86_64-debian-gcc | 1.6.0 | 6.45 | 235.97 | 242.42 | NOTE | |
r-devel-linux-x86_64-fedora-clang | 1.6.0 | 596.01 | OK | |||
r-devel-linux-x86_64-fedora-gcc | 1.6.0 | 638.70 | OK | |||
r-devel-windows-x86_64 | 1.6.0 | 11.00 | 555.00 | 566.00 | NOTE | |
r-patched-linux-x86_64 | 1.6.0 | 10.55 | 332.56 | 343.11 | NOTE | |
r-release-linux-x86_64 | 1.6.0 | 8.50 | 322.57 | 331.07 | NOTE | |
r-release-macos-arm64 | 1.6.0 | 225.00 | OK | |||
r-release-macos-x86_64 | 1.6.0 | 425.00 | OK | |||
r-release-windows-x86_64 | 1.6.0 | 11.00 | 532.00 | 543.00 | NOTE | |
r-oldrel-macos-arm64 | 1.6.0 | 160.00 | OK | |||
r-oldrel-macos-x86_64 | 1.6.0 | 325.00 | OK | |||
r-oldrel-windows-x86_64 | 1.6.0 | 16.00 | 573.00 | 589.00 | OK |
Version: 1.6.0
Check: Rd cross-references
Result: NOTE
Found the following Rd file(s) with Rd \link{} targets missing package
anchors:
network.run.Rd: jags.model
Please provide package anchors for all Rd \link{} targets not in the
package itself and the base packages.
Flavors: r-devel-linux-x86_64-debian-clang, r-devel-linux-x86_64-debian-gcc, r-devel-windows-x86_64, r-patched-linux-x86_64, r-release-linux-x86_64, r-release-windows-x86_64