Last updated on 2025-07-20 08:49:33 CEST.
Flavor | Version | Tinstall | Tcheck | Ttotal | Status | Flags |
---|---|---|---|---|---|---|
r-devel-linux-x86_64-debian-clang | 1.2.1.0 | 22.25 | 120.30 | 142.55 | NOTE | |
r-devel-linux-x86_64-debian-gcc | 1.2.1.0 | 17.17 | 91.67 | 108.84 | NOTE | |
r-devel-linux-x86_64-fedora-clang | 1.2.1.0 | 217.83 | NOTE | |||
r-devel-linux-x86_64-fedora-gcc | 1.2.1.0 | 224.60 | NOTE | |||
r-devel-windows-x86_64 | 1.2.1.0 | 16.00 | 113.00 | 129.00 | NOTE | |
r-patched-linux-x86_64 | 1.2.1.0 | 22.33 | 116.92 | 139.25 | NOTE | |
r-release-linux-x86_64 | 1.2.1.0 | 22.42 | 116.61 | 139.03 | NOTE | |
r-release-macos-arm64 | 1.2.1.0 | 67.00 | NOTE | |||
r-release-macos-x86_64 | 1.2.1.0 | 170.00 | NOTE | |||
r-release-windows-x86_64 | 1.2.1.0 | 16.00 | 111.00 | 127.00 | NOTE | |
r-oldrel-macos-arm64 | 1.2.1.0 | 66.00 | NOTE | |||
r-oldrel-macos-x86_64 | 1.2.1.0 | 96.00 | NOTE | |||
r-oldrel-windows-x86_64 | 1.2.1.0 | 22.00 | 143.00 | 165.00 | NOTE |
Version: 1.2.1.0
Check: CRAN incoming feasibility
Result: NOTE
Maintainer: ‘Michele Scandola <michele.scandola@univr.it>’
The BugReports field in DESCRIPTION has
https://github.com/michelescandola/bmscstan
which should likely be
https://github.com/michelescandola/bmscstan/issues
instead.
Flavors: r-devel-linux-x86_64-debian-clang, r-devel-linux-x86_64-debian-gcc
Version: 1.2.1.0
Check: Rd files
Result: NOTE
checkRd: (-1) BMSC_pareto_k_table.Rd:54-56: Lost braces in \itemize; \value handles \item{}{} directly
checkRd: (-1) BMSC_pareto_k_table.Rd:57-59: Lost braces in \itemize; \value handles \item{}{} directly
checkRd: (-1) BMSC_pareto_k_table.Rd:60-63: Lost braces in \itemize; \value handles \item{}{} directly
checkRd: (-1) BMSC_pareto_k_table.Rd:64-66: Lost braces in \itemize; \value handles \item{}{} directly
checkRd: (-1) BMSC_pareto_k_table.Rd:67-71: Lost braces in \itemize; \value handles \item{}{} directly
checkRd: (-1) BMSC_pareto_k_table.Rd:72-74: Lost braces in \itemize; \value handles \item{}{} directly
Flavors: r-devel-linux-x86_64-debian-clang, r-devel-linux-x86_64-debian-gcc, r-devel-linux-x86_64-fedora-clang, r-devel-linux-x86_64-fedora-gcc, r-devel-windows-x86_64, r-patched-linux-x86_64, r-release-linux-x86_64, r-release-macos-arm64, r-release-macos-x86_64, r-release-windows-x86_64, r-oldrel-macos-arm64, r-oldrel-macos-x86_64, r-oldrel-windows-x86_64