Last updated on 2025-07-20 20:48:21 CEST.
Flavor | Version | Tinstall | Tcheck | Ttotal | Status | Flags |
---|---|---|---|---|---|---|
r-devel-linux-x86_64-debian-clang | 1.0.7 | 33.75 | 23.80 | 57.55 | OK | |
r-devel-linux-x86_64-debian-gcc | 1.0.7 | 26.96 | 19.60 | 46.56 | OK | |
r-devel-linux-x86_64-fedora-clang | 1.0.7 | 103.01 | OK | |||
r-devel-linux-x86_64-fedora-gcc | 1.0.7 | 105.15 | OK | |||
r-devel-windows-x86_64 | 1.0.7 | 38.00 | 64.00 | 102.00 | OK | |
r-patched-linux-x86_64 | 1.0.7 | 36.65 | 21.33 | 57.98 | OK | |
r-release-linux-x86_64 | 1.0.7 | 38.23 | 21.25 | 59.48 | OK | |
r-release-macos-arm64 | 1.0.7 | 36.00 | OK | |||
r-release-macos-x86_64 | 1.0.7 | 54.00 | OK | |||
r-release-windows-x86_64 | 1.0.7 | 39.00 | 64.00 | 103.00 | OK | |
r-oldrel-macos-arm64 | 1.0.7 | 35.00 | NOTE | |||
r-oldrel-macos-x86_64 | 1.0.7 | 40.00 | NOTE | |||
r-oldrel-windows-x86_64 | 1.0.7 | 35.00 | 75.00 | 110.00 | OK |
Version: 1.0.7
Check: installed package size
Result: NOTE
installed size is 6.6Mb
sub-directories of 1Mb or more:
libs 6.5Mb
Flavors: r-oldrel-macos-arm64, r-oldrel-macos-x86_64