CRAN Package Check Results for Package bioregion

Last updated on 2025-09-30 20:50:33 CEST.

Flavor Version Tinstall Tcheck Ttotal Status Flags
r-devel-linux-x86_64-debian-clang 1.2.0 35.60 209.66 245.26 OK
r-devel-linux-x86_64-debian-gcc 1.2.0 24.11 142.96 167.07 OK
r-devel-linux-x86_64-fedora-clang 1.2.0 395.34 OK
r-devel-linux-x86_64-fedora-gcc 1.2.0 416.59 OK
r-devel-windows-x86_64 1.2.0 41.00 207.00 248.00 OK
r-patched-linux-x86_64 1.2.0 32.17 194.28 226.45 OK
r-release-linux-x86_64 1.2.0 34.73 192.68 227.41 OK
r-release-macos-arm64 1.2.0 86.00 OK
r-release-macos-x86_64 1.2.0 163.00 OK
r-release-windows-x86_64 1.2.0 38.00 211.00 249.00 OK
r-oldrel-macos-arm64 1.2.0 91.00 NOTE
r-oldrel-macos-x86_64 1.2.0 183.00 NOTE
r-oldrel-windows-x86_64 1.2.0 52.00 278.00 330.00 NOTE

Check Details

Version: 1.2.0
Check: installed package size
Result: NOTE installed size is 6.0Mb sub-directories of 1Mb or more: data 1.7Mb help 2.4Mb Flavors: r-oldrel-macos-arm64, r-oldrel-macos-x86_64, r-oldrel-windows-x86_64