CRAN Package Check Results for Package bayesDccGarch

Last updated on 2025-07-20 08:49:32 CEST.

Flavor Version Tinstall Tcheck Ttotal Status Flags
r-devel-linux-x86_64-debian-clang 3.0.4 6.26 24.72 30.98 NOTE
r-devel-linux-x86_64-debian-gcc 3.0.4 3.43 19.59 23.02 NOTE
r-devel-linux-x86_64-fedora-clang 3.0.4 47.78 NOTE
r-devel-linux-x86_64-fedora-gcc 3.0.4 44.08 NOTE
r-devel-windows-x86_64 3.0.4 8.00 47.00 55.00 NOTE
r-patched-linux-x86_64 3.0.4 4.19 23.50 27.69 NOTE
r-release-linux-x86_64 3.0.4 4.69 23.42 28.11 NOTE
r-release-macos-arm64 3.0.4 19.00 NOTE
r-release-macos-x86_64 3.0.4 37.00 NOTE
r-release-windows-x86_64 3.0.4 8.00 49.00 57.00 NOTE
r-oldrel-macos-arm64 3.0.4 23.00 NOTE
r-oldrel-macos-x86_64 3.0.4 30.00 NOTE
r-oldrel-windows-x86_64 3.0.4 11.00 51.00 62.00 NOTE

Check Details

Version: 3.0.4
Check: Rd files
Result: NOTE checkRd: (-1) bayesDccGarch.Rd:91: Lost braces; missing escapes or markup? 91 | \item{$H_n1 }{ Bayesian prediction of volatilities and co-volatilities for y_{n+1}.} | ^ checkRd: (-1) bayesDccGarch.Rd:92: Lost braces; missing escapes or markup? 92 | \item{$R_n1 }{ Bayesian prediction of coditional correlation for y_{n+1}.} | ^ Flavors: r-devel-linux-x86_64-debian-clang, r-devel-linux-x86_64-debian-gcc, r-devel-linux-x86_64-fedora-clang, r-devel-linux-x86_64-fedora-gcc, r-devel-windows-x86_64, r-patched-linux-x86_64, r-release-linux-x86_64, r-release-macos-arm64, r-release-macos-x86_64, r-release-windows-x86_64, r-oldrel-macos-arm64, r-oldrel-macos-x86_64, r-oldrel-windows-x86_64