Last updated on 2025-09-30 20:50:32 CEST.
Flavor | Version | Tinstall | Tcheck | Ttotal | Status | Flags |
---|---|---|---|---|---|---|
r-devel-linux-x86_64-debian-clang | 0.2-31 | 33.13 | 136.27 | 169.40 | OK | |
r-devel-linux-x86_64-debian-gcc | 0.2-31 | 21.24 | 94.86 | 116.10 | OK | |
r-devel-linux-x86_64-fedora-clang | 0.2-31 | 294.17 | OK | |||
r-devel-linux-x86_64-fedora-gcc | 0.2-31 | 260.05 | OK | |||
r-devel-windows-x86_64 | 0.2-31 | 45.00 | 149.00 | 194.00 | OK | |
r-patched-linux-x86_64 | 0.2-31 | 32.16 | 132.36 | 164.52 | OK | |
r-release-linux-x86_64 | 0.2-31 | 31.16 | 131.44 | 162.60 | OK | |
r-release-macos-arm64 | 0.2-31 | 96.00 | OK | |||
r-release-macos-x86_64 | 0.2-31 | 186.00 | OK | |||
r-release-windows-x86_64 | 0.2-31 | 48.00 | 147.00 | 195.00 | OK | |
r-oldrel-macos-arm64 | 0.2-31 | 86.00 | OK | |||
r-oldrel-macos-x86_64 | 0.2-31 | 215.00 | OK | |||
r-oldrel-windows-x86_64 | 0.2-31 | 58.00 | 185.00 | 243.00 | NOTE |
Version: 0.2-31
Check: installed package size
Result: NOTE
installed size is 14.4Mb
sub-directories of 1Mb or more:
bin 11.3Mb
misc 2.1Mb
Flavor: r-oldrel-windows-x86_64