Last updated on 2025-07-20 08:49:32 CEST.
Flavor | Version | Tinstall | Tcheck | Ttotal | Status | Flags |
---|---|---|---|---|---|---|
r-devel-linux-x86_64-debian-clang | 1.50 | 8.83 | 84.12 | 92.95 | NOTE | |
r-devel-linux-x86_64-debian-gcc | 1.50 | 6.84 | 58.55 | 65.39 | NOTE | |
r-devel-linux-x86_64-fedora-clang | 1.50 | 149.81 | OK | |||
r-devel-linux-x86_64-fedora-gcc | 1.50 | 156.15 | OK | |||
r-devel-windows-x86_64 | 1.50 | 10.00 | 98.00 | 108.00 | OK | |
r-patched-linux-x86_64 | 1.50 | 9.43 | 79.02 | 88.45 | OK | |
r-release-linux-x86_64 | 1.50 | 9.43 | 78.57 | 88.00 | OK | |
r-release-macos-arm64 | 1.50 | 58.00 | OK | |||
r-release-macos-x86_64 | 1.50 | 113.00 | OK | |||
r-release-windows-x86_64 | 1.50 | 10.00 | 96.00 | 106.00 | OK | |
r-oldrel-macos-arm64 | 1.50 | 46.00 | OK | |||
r-oldrel-macos-x86_64 | 1.50 | 82.00 | OK | |||
r-oldrel-windows-x86_64 | 1.50 | 14.00 | 118.00 | 132.00 | OK |
Version: 1.50
Check: CRAN incoming feasibility
Result: NOTE
Maintainer: ‘Il-Youp Kwak <ikwak2@cau.ac.kr>’
No Authors@R field in DESCRIPTION.
Please add one, modifying
Authors@R: c(person(given = "Il-Youp",
family = "Kwak",
role = c("aut", "cre"),
email = "ikwak2@cau.ac.kr"),
person(given = c("others", "in", "each", "function"),
family = "manual)",
role = "aut",
comment = "s"))
as necessary.
Flavors: r-devel-linux-x86_64-debian-clang, r-devel-linux-x86_64-debian-gcc