CRAN Package Check Results for Package TexExamRandomizer

Last updated on 2025-07-19 19:50:04 CEST.

Flavor Version Tinstall Tcheck Ttotal Status Flags
r-devel-linux-x86_64-debian-clang 1.2.7 17.80 47.54 65.34 NOTE
r-devel-linux-x86_64-debian-gcc 1.2.7 13.89 36.74 50.63 NOTE
r-devel-linux-x86_64-fedora-clang 1.2.7 100.55 OK
r-devel-linux-x86_64-fedora-gcc 1.2.7 120.17 OK
r-devel-windows-x86_64 1.2.7 23.00 87.00 110.00 OK
r-patched-linux-x86_64 1.2.7 20.08 43.47 63.55 OK
r-release-linux-x86_64 1.2.7 20.24 43.62 63.86 OK
r-release-macos-arm64 1.2.7 49.00 OK
r-release-macos-x86_64 1.2.7 75.00 OK
r-release-windows-x86_64 1.2.7 23.00 84.00 107.00 OK
r-oldrel-macos-arm64 1.2.7 39.00 OK
r-oldrel-macos-x86_64 1.2.7 56.00 OK
r-oldrel-windows-x86_64 1.2.7 27.00 104.00 131.00 OK

Check Details

Version: 1.2.7
Check: CRAN incoming feasibility
Result: NOTE Maintainer: ‘Alejandro Gonzalez Recuenco <alejandrogonzalezrecuenco@gmail.com>’ No Authors@R field in DESCRIPTION. Please add one, modifying Authors@R: person(given = c("Alejandro", "Gonzalez"), family = "Recuenco", role = c("aut", "cre"), email = "alejandrogonzalezrecuenco@gmail.com") as necessary. Flavors: r-devel-linux-x86_64-debian-clang, r-devel-linux-x86_64-debian-gcc