Last updated on 2025-07-20 08:49:53 CEST.
Flavor | Version | Tinstall | Tcheck | Ttotal | Status | Flags |
---|---|---|---|---|---|---|
r-devel-linux-x86_64-debian-clang | 1.0.0 | 43.38 | 33.99 | 77.37 | OK | |
r-devel-linux-x86_64-debian-gcc | 1.0.0 | 32.40 | 27.16 | 59.56 | OK | |
r-devel-linux-x86_64-fedora-clang | 1.0.0 | 151.52 | OK | |||
r-devel-linux-x86_64-fedora-gcc | 1.0.0 | 133.21 | OK | |||
r-devel-windows-x86_64 | 1.0.0 | 55.00 | 216.00 | 271.00 | OK | |
r-patched-linux-x86_64 | 1.0.0 | 48.04 | 32.53 | 80.57 | OK | |
r-release-linux-x86_64 | 1.0.0 | 45.29 | 32.49 | 77.78 | OK | |
r-release-macos-arm64 | 1.0.0 | 13.00 | ERROR | |||
r-release-macos-x86_64 | 1.0.0 | 17.00 | ERROR | |||
r-release-windows-x86_64 | 1.0.0 | 52.00 | 155.00 | 207.00 | OK | |
r-oldrel-macos-arm64 | 1.0.0 | 18.00 | ERROR | |||
r-oldrel-macos-x86_64 | 1.0.0 | 22.00 | ERROR | |||
r-oldrel-windows-x86_64 | 1.0.0 | 65.00 | 258.00 | 323.00 | OK |
Version: 1.0.0
Check: whether package can be installed
Result: ERROR
Installation failed.
Flavors: r-release-macos-arm64, r-release-macos-x86_64, r-oldrel-macos-arm64, r-oldrel-macos-x86_64