Last updated on 2025-07-21 08:50:19 CEST.
Flavor | Version | Tinstall | Tcheck | Ttotal | Status | Flags |
---|---|---|---|---|---|---|
r-devel-linux-x86_64-debian-clang | 1.1 | 7.27 | 56.81 | 64.08 | NOTE | |
r-devel-linux-x86_64-debian-gcc | 1.1 | 4.83 | 43.39 | 48.22 | NOTE | |
r-devel-linux-x86_64-fedora-clang | 1.1 | 97.68 | OK | |||
r-devel-linux-x86_64-fedora-gcc | 1.1 | 94.29 | OK | |||
r-devel-windows-x86_64 | 1.1 | 8.00 | 69.00 | 77.00 | OK | |
r-patched-linux-x86_64 | 1.1 | 7.37 | 53.97 | 61.34 | OK | |
r-release-linux-x86_64 | 1.1 | 6.98 | 53.80 | 60.78 | OK | |
r-release-macos-arm64 | 1.1 | 28.00 | OK | |||
r-release-macos-x86_64 | 1.1 | 54.00 | OK | |||
r-release-windows-x86_64 | 1.1 | 8.00 | 72.00 | 80.00 | OK | |
r-oldrel-macos-arm64 | 1.1 | 29.00 | OK | |||
r-oldrel-macos-x86_64 | 1.1 | 56.00 | OK | |||
r-oldrel-windows-x86_64 | 1.1 | 10.00 | 83.00 | 93.00 | OK |
Version: 1.1
Check: CRAN incoming feasibility
Result: NOTE
Maintainer: ‘Layla Parast <parast@austin.utexas.edu>’
No Authors@R field in DESCRIPTION.
Please add one, modifying
Authors@R: person(given = "Layla",
family = "Parast",
role = c("aut", "cre"),
email = "parast@austin.utexas.edu")
as necessary.
Flavors: r-devel-linux-x86_64-debian-clang, r-devel-linux-x86_64-debian-gcc