Last updated on 2025-07-20 08:49:50 CEST.
Flavor | Version | Tinstall | Tcheck | Ttotal | Status | Flags |
---|---|---|---|---|---|---|
r-devel-linux-x86_64-debian-clang | 1.0.1 | 8.32 | 77.19 | 85.51 | OK | |
r-devel-linux-x86_64-debian-gcc | 1.0.1 | 5.71 | 56.11 | 61.82 | OK | |
r-devel-linux-x86_64-fedora-clang | 1.0.1 | 136.71 | OK | |||
r-devel-linux-x86_64-fedora-gcc | 1.0.1 | 143.01 | OK | |||
r-devel-windows-x86_64 | 1.0.1 | 11.00 | 97.00 | 108.00 | OK | |
r-patched-linux-x86_64 | 1.0.1 | 7.67 | 73.54 | 81.21 | OK | |
r-release-linux-x86_64 | 1.0.1 | 6.22 | 74.06 | 80.28 | OK | |
r-release-macos-arm64 | 1.0.1 | 49.00 | OK | |||
r-release-macos-x86_64 | 1.0.1 | 81.00 | OK | |||
r-release-windows-x86_64 | 1.0.1 | 11.00 | 96.00 | 107.00 | OK | |
r-oldrel-macos-arm64 | 1.0.1 | 47.00 | NOTE | |||
r-oldrel-macos-x86_64 | 1.0.1 | 71.00 | NOTE | |||
r-oldrel-windows-x86_64 | 1.0.1 | 14.00 | 116.00 | 130.00 | NOTE |
Version: 1.0.1
Check: installed package size
Result: NOTE
installed size is 6.4Mb
sub-directories of 1Mb or more:
doc 1.7Mb
extdata 4.2Mb
Flavors: r-oldrel-macos-arm64, r-oldrel-macos-x86_64, r-oldrel-windows-x86_64