Last updated on 2025-07-20 08:49:49 CEST.
Flavor | Version | Tinstall | Tcheck | Ttotal | Status | Flags |
---|---|---|---|---|---|---|
r-devel-linux-x86_64-debian-clang | 0.1.1 | 26.07 | 64.25 | 90.32 | NOTE | |
r-devel-linux-x86_64-debian-gcc | 0.1.1 | 16.34 | 48.19 | 64.53 | NOTE | |
r-devel-linux-x86_64-fedora-clang | 0.1.1 | 146.21 | NOTE | |||
r-devel-linux-x86_64-fedora-gcc | 0.1.1 | 132.08 | NOTE | |||
r-devel-windows-x86_64 | 0.1.1 | 29.00 | 90.00 | 119.00 | NOTE | |
r-patched-linux-x86_64 | 0.1.1 | 22.96 | 61.49 | 84.45 | NOTE | |
r-release-linux-x86_64 | 0.1.1 | 23.12 | 60.60 | 83.72 | NOTE | |
r-release-macos-arm64 | 0.1.1 | 43.00 | NOTE | |||
r-release-macos-x86_64 | 0.1.1 | 78.00 | NOTE | |||
r-release-windows-x86_64 | 0.1.1 | 28.00 | 88.00 | 116.00 | NOTE | |
r-oldrel-macos-arm64 | 0.1.1 | 41.00 | NOTE | |||
r-oldrel-macos-x86_64 | 0.1.1 | 69.00 | NOTE | |||
r-oldrel-windows-x86_64 | 0.1.1 | 36.00 | 111.00 | 147.00 | NOTE |
Version: 0.1.1
Check: C++ specification
Result: NOTE
Specified C++11: please drop specification unless essential
Flavors: r-devel-linux-x86_64-debian-clang, r-devel-linux-x86_64-debian-gcc, r-devel-linux-x86_64-fedora-clang, r-devel-linux-x86_64-fedora-gcc, r-devel-windows-x86_64, r-patched-linux-x86_64, r-release-linux-x86_64, r-release-macos-arm64, r-release-macos-x86_64, r-release-windows-x86_64, r-oldrel-macos-arm64, r-oldrel-macos-x86_64, r-oldrel-windows-x86_64