Last updated on 2025-07-20 08:49:49 CEST.
Flavor | Version | Tinstall | Tcheck | Ttotal | Status | Flags |
---|---|---|---|---|---|---|
r-devel-linux-x86_64-debian-clang | 0.3.0 | 1.68 | 18.27 | 19.95 | NOTE | |
r-devel-linux-x86_64-debian-gcc | 0.3.0 | 1.38 | 15.77 | 17.15 | NOTE | |
r-devel-linux-x86_64-fedora-clang | 0.3.0 | 31.71 | OK | |||
r-devel-linux-x86_64-fedora-gcc | 0.3.0 | 30.13 | OK | |||
r-devel-windows-x86_64 | 0.3.0 | 3.00 | 39.00 | 42.00 | OK | |
r-patched-linux-x86_64 | 0.3.0 | 1.52 | 17.58 | 19.10 | OK | |
r-release-linux-x86_64 | 0.3.0 | 1.54 | 17.72 | 19.26 | OK | |
r-release-macos-arm64 | 0.3.0 | 20.00 | OK | |||
r-release-macos-x86_64 | 0.3.0 | 29.00 | OK | |||
r-release-windows-x86_64 | 0.3.0 | 3.00 | 38.00 | 41.00 | OK | |
r-oldrel-macos-arm64 | 0.3.0 | 15.00 | OK | |||
r-oldrel-macos-x86_64 | 0.3.0 | 23.00 | OK | |||
r-oldrel-windows-x86_64 | 0.3.0 | 3.00 | 43.00 | 46.00 | OK |
Version: 0.3.0
Check: CRAN incoming feasibility
Result: NOTE
Maintainer: ‘Jiayi Ji <Jiayi.Ji@mountsinai.org>’
The Description field contains
cancer data <arXiv:2012.06093>.
Please refer to arXiv e-prints via their arXiv DOI <doi:10.48550/arXiv.YYMM.NNNNN>.
Flavors: r-devel-linux-x86_64-debian-clang, r-devel-linux-x86_64-debian-gcc