CRAN Package Check Results for Package Revticulate

Last updated on 2025-07-20 08:49:48 CEST.

Flavor Version Tinstall Tcheck Ttotal Status Flags
r-devel-linux-x86_64-debian-clang 1.0.0 3.89 31.28 35.17 NOTE
r-devel-linux-x86_64-debian-gcc 1.0.0 2.56 24.35 26.91 NOTE
r-devel-linux-x86_64-fedora-clang 1.0.0 56.71 NOTE
r-devel-linux-x86_64-fedora-gcc 1.0.0 54.26 NOTE
r-devel-windows-x86_64 1.0.0 5.00 52.00 57.00 NOTE
r-patched-linux-x86_64 1.0.0 3.71 29.22 32.93 NOTE
r-release-linux-x86_64 1.0.0 3.78 29.18 32.96 NOTE
r-release-macos-arm64 1.0.0 23.00 NOTE
r-release-macos-x86_64 1.0.0 41.00 NOTE
r-release-windows-x86_64 1.0.0 6.00 53.00 59.00 NOTE
r-oldrel-macos-arm64 1.0.0 17.00 NOTE
r-oldrel-macos-x86_64 1.0.0 27.00 NOTE
r-oldrel-windows-x86_64 1.0.0 7.00 59.00 66.00 NOTE

Check Details

Version: 1.0.0
Check: Rd files
Result: NOTE checkRd: (-1) saveRev.Rd:12: Lost braces; missing escapes or markup? 12 | \item{use_wd}{logical - If TRUE, the history will be prepended by setwd({'users current working directory'}). This function will set the script's working directory to | ^ Flavors: r-devel-linux-x86_64-debian-clang, r-devel-linux-x86_64-debian-gcc, r-devel-linux-x86_64-fedora-clang, r-devel-linux-x86_64-fedora-gcc, r-devel-windows-x86_64, r-patched-linux-x86_64, r-release-linux-x86_64, r-release-macos-arm64, r-release-macos-x86_64, r-release-windows-x86_64, r-oldrel-macos-arm64, r-oldrel-macos-x86_64, r-oldrel-windows-x86_64