CRAN Package Check Results for Package RcppRoll

Last updated on 2025-07-20 08:49:47 CEST.

Flavor Version Tinstall Tcheck Ttotal Status Flags
r-devel-linux-x86_64-debian-clang 0.3.1 15.27 41.85 57.12 NOTE
r-devel-linux-x86_64-debian-gcc 0.3.1 11.33 30.57 41.90 NOTE
r-devel-linux-x86_64-fedora-clang 0.3.1 92.37 OK
r-devel-linux-x86_64-fedora-gcc 0.3.1 91.95 OK
r-devel-windows-x86_64 0.3.1 18.00 84.00 102.00 OK
r-patched-linux-x86_64 0.3.1 15.78 39.47 55.25 OK
r-release-linux-x86_64 0.3.1 13.96 39.93 53.89 OK
r-release-macos-arm64 0.3.1 30.00 OK
r-release-macos-x86_64 0.3.1 54.00 OK
r-release-windows-x86_64 0.3.1 18.00 84.00 102.00 OK
r-oldrel-macos-arm64 0.3.1 32.00 OK
r-oldrel-macos-x86_64 0.3.1 113.00 OK
r-oldrel-windows-x86_64 0.3.1 20.00 104.00 124.00 OK

Check Details

Version: 0.3.1
Check: CRAN incoming feasibility
Result: NOTE Maintainer: ‘Kevin Ushey <kevinushey@gmail.com>’ No Authors@R field in DESCRIPTION. Please add one, modifying Authors@R: person(given = "Kevin", family = "Ushey", role = c("aut", "cre"), email = "kevinushey@gmail.com") as necessary. Flavors: r-devel-linux-x86_64-debian-clang, r-devel-linux-x86_64-debian-gcc