CRAN Package Check Results for Package PubMedMining

Last updated on 2025-07-20 08:49:46 CEST.

Flavor Version Tinstall Tcheck Ttotal Status Flags
r-devel-linux-x86_64-debian-clang 1.0.0 1.64 20.56 22.20 OK
r-devel-linux-x86_64-debian-gcc 1.0.0 1.46 17.63 19.09 OK
r-devel-linux-x86_64-fedora-clang 1.0.0 35.95 OK
r-devel-linux-x86_64-fedora-gcc 1.0.0 47.67 OK
r-devel-windows-x86_64 1.0.0 3.00 42.00 45.00 OK
r-patched-linux-x86_64 1.0.0 1.46 19.71 21.17 OK
r-release-linux-x86_64 1.0.0 1.68 19.69 21.37 OK
r-release-macos-arm64 1.0.0 34.00 OK
r-release-macos-x86_64 1.0.0 61.00 OK
r-release-windows-x86_64 1.0.0 3.00 41.00 44.00 OK
r-oldrel-macos-arm64 1.0.0 26.00 NOTE
r-oldrel-macos-x86_64 1.0.0 32.00 NOTE
r-oldrel-windows-x86_64 1.0.0 3.00 45.00 48.00 NOTE

Check Details

Version: 1.0.0
Check: LazyData
Result: NOTE 'LazyData' is specified without a 'data' directory Flavors: r-oldrel-macos-arm64, r-oldrel-macos-x86_64, r-oldrel-windows-x86_64