CRAN Package Check Results for Package PolicyPortfolios

Last updated on 2025-07-20 08:49:46 CEST.

Flavor Version Tinstall Tcheck Ttotal Status Flags
r-devel-linux-x86_64-debian-clang 0.3 11.00 108.24 119.24 NOTE
r-devel-linux-x86_64-debian-gcc 0.3 8.24 79.04 87.28 NOTE
r-devel-linux-x86_64-fedora-clang 0.3 177.27 OK
r-devel-linux-x86_64-fedora-gcc 0.3 180.95 OK
r-devel-windows-x86_64 0.3 12.00 109.00 121.00 NOTE
r-patched-linux-x86_64 0.3 10.98 100.29 111.27 NOTE
r-release-linux-x86_64 0.3 10.38 98.89 109.27 NOTE
r-release-macos-arm64 0.3 53.00 OK
r-release-macos-x86_64 0.3 100.00 OK
r-release-windows-x86_64 0.3 12.00 106.00 118.00 NOTE
r-oldrel-macos-arm64 0.3 51.00 OK
r-oldrel-macos-x86_64 0.3 84.00 OK
r-oldrel-windows-x86_64 0.3 16.00 133.00 149.00 OK

Check Details

Version: 0.3
Check: Rd cross-references
Result: NOTE Found the following Rd file(s) with Rd \link{} targets missing package anchors: pp_measures.Rd: diversity Please provide package anchors for all Rd \link{} targets not in the package itself and the base packages. Flavors: r-devel-linux-x86_64-debian-clang, r-devel-linux-x86_64-debian-gcc, r-devel-windows-x86_64, r-patched-linux-x86_64, r-release-linux-x86_64, r-release-windows-x86_64