Last updated on 2025-07-20 08:49:46 CEST.
Flavor | Version | Tinstall | Tcheck | Ttotal | Status | Flags |
---|---|---|---|---|---|---|
r-devel-linux-x86_64-debian-clang | 1.5.3 | 6.77 | 66.72 | 73.49 | NOTE | |
r-devel-linux-x86_64-debian-gcc | 1.5.3 | 4.86 | 47.74 | 52.60 | NOTE | |
r-devel-linux-x86_64-fedora-clang | 1.5.3 | 110.42 | OK | |||
r-devel-linux-x86_64-fedora-gcc | 1.5.3 | 106.45 | OK | |||
r-devel-windows-x86_64 | 1.5.3 | 8.00 | 75.00 | 83.00 | OK | |
r-patched-linux-x86_64 | 1.5.3 | 6.12 | 61.59 | 67.71 | OK | |
r-release-linux-x86_64 | 1.5.3 | 5.97 | 61.32 | 67.29 | OK | |
r-release-macos-arm64 | 1.5.3 | 35.00 | OK | |||
r-release-macos-x86_64 | 1.5.3 | 64.00 | OK | |||
r-release-windows-x86_64 | 1.5.3 | 8.00 | 73.00 | 81.00 | OK | |
r-oldrel-macos-arm64 | 1.5.3 | 32.00 | OK | |||
r-oldrel-macos-x86_64 | 1.5.3 | 48.00 | OK | |||
r-oldrel-windows-x86_64 | 1.5.3 | 10.00 | 92.00 | 102.00 | OK |
Version: 1.5.3
Check: CRAN incoming feasibility
Result: NOTE
Maintainer: ‘Ran Gao <rgao8@uic.edu>’
No Authors@R field in DESCRIPTION.
Please add one, modifying
Authors@R: c(person(given = "Hakan",
family = "Demirtas",
role = "aut"),
person(given = "Rachel",
family = "Nordgren",
role = "aut"),
person(given = "Rawan",
family = "Allozi",
role = "aut"),
person(given = "Ran",
family = "Gao",
role = c("aut", "cre"),
email = "rgao8@uic.edu"))
as necessary.
Flavors: r-devel-linux-x86_64-debian-clang, r-devel-linux-x86_64-debian-gcc