CRAN Package Check Results for Package PhysicalActivity

Last updated on 2025-07-20 08:49:45 CEST.

Flavor Version Tinstall Tcheck Ttotal Status Flags
r-devel-linux-x86_64-debian-clang 0.2-4 2.82 65.60 68.42 NOTE
r-devel-linux-x86_64-debian-gcc 0.2-4 2.17 59.36 61.53 NOTE
r-devel-linux-x86_64-fedora-clang 0.2-4 118.61 NOTE
r-devel-linux-x86_64-fedora-gcc 0.2-4 127.35 NOTE
r-devel-windows-x86_64 0.2-4 5.00 114.00 119.00 NOTE
r-patched-linux-x86_64 0.2-4 3.32 72.81 76.13 NOTE
r-release-linux-x86_64 0.2-4 2.56 72.20 74.76 NOTE
r-release-macos-arm64 0.2-4 59.00 NOTE
r-release-macos-x86_64 0.2-4 183.00 NOTE
r-release-windows-x86_64 0.2-4 4.00 114.00 118.00 NOTE
r-oldrel-macos-arm64 0.2-4 57.00 NOTE
r-oldrel-macos-x86_64 0.2-4 139.00 NOTE
r-oldrel-windows-x86_64 0.2-4 5.00 135.00 140.00 NOTE

Check Details

Version: 0.2-4
Check: Rd files
Result: NOTE checkRd: (-1) pa-internal.Rd:11: Lost braces 11 | code{l2df}: convert list to data.frame | ^ checkRd: (-1) pa-internal.Rd:14: Lost braces 14 | code{convertTZ}: force a new timezone on datetime | ^ checkRd: (-1) pa-internal.Rd:16: Lost braces 16 | code{createTime}: create datetime variable | ^ checkRd: (-1) pa-internal.Rd:18: Lost braces 18 | code{addDayIndex}: create ID_day variable from timestamp | ^ Flavors: r-devel-linux-x86_64-debian-clang, r-devel-linux-x86_64-debian-gcc, r-devel-linux-x86_64-fedora-clang, r-devel-linux-x86_64-fedora-gcc, r-devel-windows-x86_64, r-patched-linux-x86_64, r-release-linux-x86_64, r-release-macos-arm64, r-release-macos-x86_64, r-release-windows-x86_64, r-oldrel-macos-arm64, r-oldrel-macos-x86_64, r-oldrel-windows-x86_64