CRAN Package Check Results for Package NMsim

Last updated on 2025-09-30 20:50:45 CEST.

Flavor Version Tinstall Tcheck Ttotal Status Flags
r-devel-linux-x86_64-debian-clang 0.2.5 9.36 114.74 124.10 OK
r-devel-linux-x86_64-debian-gcc 0.2.5 5.66 73.70 79.36 OK
r-devel-linux-x86_64-fedora-clang 0.2.5 192.66 OK
r-devel-linux-x86_64-fedora-gcc 0.2.5 176.06 OK
r-devel-windows-x86_64 0.2.5 12.00 123.00 135.00 OK
r-patched-linux-x86_64 0.2.5 8.49 102.68 111.17 OK
r-release-linux-x86_64 0.2.5 8.38 102.90 111.28 OK
r-release-macos-arm64 0.2.5 72.00 OK
r-release-macos-x86_64 0.2.5 128.00 OK
r-release-windows-x86_64 0.2.5 11.00 124.00 135.00 OK
r-oldrel-macos-arm64 0.2.5 50.00 NOTE
r-oldrel-macos-x86_64 0.2.5 126.00 NOTE
r-oldrel-windows-x86_64 0.2.5 16.00 149.00 165.00 NOTE

Check Details

Version: 0.2.5
Check: package dependencies
Result: NOTE Package which this enhances but not available for checking: ‘simpar’ Flavors: r-oldrel-macos-arm64, r-oldrel-macos-x86_64, r-oldrel-windows-x86_64